Last updated on 2025-02-21 02:52:28 CET.
Flavor | Version | Tinstall | Tcheck | Ttotal | Status | Flags |
---|---|---|---|---|---|---|
r-devel-linux-x86_64-debian-clang | 0.4.0 | 1.67 | 21.60 | 23.27 | OK | |
r-devel-linux-x86_64-debian-gcc | 0.4.0 | 1.59 | 16.66 | 18.25 | OK | |
r-devel-linux-x86_64-fedora-clang | 0.4.0 | 39.11 | OK | |||
r-devel-linux-x86_64-fedora-gcc | 0.4.0 | 37.18 | OK | |||
r-devel-macos-arm64 | 0.4.0 | 16.00 | OK | |||
r-devel-macos-x86_64 | 0.4.0 | 26.00 | OK | |||
r-devel-windows-x86_64 | 0.4.0 | 3.00 | 44.00 | 47.00 | OK | |
r-patched-linux-x86_64 | 0.4.0 | 1.83 | 20.54 | 22.37 | NOTE | |
r-release-linux-x86_64 | 0.4.0 | 1.59 | 20.15 | 21.74 | NOTE | |
r-release-macos-arm64 | 0.4.0 | 21.00 | NOTE | |||
r-release-macos-x86_64 | 0.4.0 | 23.00 | NOTE | |||
r-release-windows-x86_64 | 0.4.0 | 4.00 | 42.00 | 46.00 | NOTE | |
r-oldrel-macos-arm64 | 0.4.0 | 17.00 | NOTE | |||
r-oldrel-macos-x86_64 | 0.4.0 | 23.00 | NOTE | |||
r-oldrel-windows-x86_64 | 0.4.0 | 3.00 | 46.00 | 49.00 | NOTE |
Version: 0.4.0
Check: LazyData
Result: NOTE
'LazyData' is specified without a 'data' directory
Flavors: r-patched-linux-x86_64, r-release-linux-x86_64, r-release-macos-arm64, r-release-macos-x86_64, r-release-windows-x86_64, r-oldrel-macos-arm64, r-oldrel-macos-x86_64, r-oldrel-windows-x86_64