Last updated on 2025-02-21 02:52:28 CET.
Flavor | Version | Tinstall | Tcheck | Ttotal | Status | Flags |
---|---|---|---|---|---|---|
r-devel-linux-x86_64-debian-clang | 0.1.5 | 2.14 | 46.85 | 48.99 | OK | |
r-devel-linux-x86_64-debian-gcc | 0.1.5 | 1.59 | 34.36 | 35.95 | OK | |
r-devel-linux-x86_64-fedora-clang | 0.1.5 | 75.08 | NOTE | |||
r-devel-linux-x86_64-fedora-gcc | 0.1.5 | 86.38 | NOTE | |||
r-devel-macos-arm64 | 0.1.5 | 42.00 | OK | |||
r-devel-macos-x86_64 | 0.1.5 | 70.00 | OK | |||
r-devel-windows-x86_64 | 0.1.5 | 4.00 | 62.00 | 66.00 | OK | |
r-patched-linux-x86_64 | 0.1.5 | 1.39 | 45.80 | 47.19 | OK | |
r-release-linux-x86_64 | 0.1.5 | 1.94 | 45.75 | 47.69 | OK | |
r-release-macos-arm64 | 0.1.5 | 39.00 | OK | |||
r-release-macos-x86_64 | 0.1.5 | 52.00 | OK | |||
r-release-windows-x86_64 | 0.1.5 | 4.00 | 60.00 | 64.00 | OK | |
r-oldrel-macos-arm64 | 0.1.5 | 36.00 | OK | |||
r-oldrel-macos-x86_64 | 0.1.5 | 56.00 | OK | |||
r-oldrel-windows-x86_64 | 0.1.5 | 5.00 | 65.00 | 70.00 | OK |
Version: 0.1.5
Check: dependencies in R code
Result: NOTE
Namespace in Imports field not imported from: ‘tidyverse’
All declared Imports should be used.
Flavors: r-devel-linux-x86_64-fedora-clang, r-devel-linux-x86_64-fedora-gcc