CRAN Package Check Results for Package utile.tools

Last updated on 2025-02-18 02:50:52 CET.

Flavor Version Tinstall Tcheck Ttotal Status Flags
r-devel-linux-x86_64-debian-clang 0.3.0 2.08 24.68 26.76 NOTE
r-devel-linux-x86_64-debian-gcc 0.3.0 1.59 19.17 20.76 NOTE
r-devel-linux-x86_64-fedora-clang 0.3.0 43.81 NOTE
r-devel-linux-x86_64-fedora-gcc 0.3.0 39.51 NOTE
r-devel-macos-arm64 0.3.0 19.00 OK
r-devel-macos-x86_64 0.3.0 28.00 NOTE
r-devel-windows-x86_64 0.3.0 3.00 49.00 52.00 NOTE
r-patched-linux-x86_64 0.3.0 2.28 23.89 26.17 OK
r-release-linux-x86_64 0.3.0 2.03 23.63 25.66 OK
r-release-macos-arm64 0.3.0 18.00 OK
r-release-macos-x86_64 0.3.0 25.00 OK
r-release-windows-x86_64 0.3.0 4.00 58.00 62.00 OK
r-oldrel-macos-arm64 0.3.0 19.00 OK
r-oldrel-macos-x86_64 0.3.0 26.00 OK
r-oldrel-windows-x86_64 0.3.0 5.00 52.00 57.00 OK

Check Details

Version: 0.3.0
Check: DESCRIPTION meta-information
Result: NOTE Missing dependency on R >= 4.1.0 because package code uses the pipe |> or function shorthand \(...) syntax added in R 4.1.0. File(s) using such syntax: ‘paste.R’ Flavors: r-devel-linux-x86_64-debian-clang, r-devel-linux-x86_64-debian-gcc, r-devel-linux-x86_64-fedora-clang, r-devel-linux-x86_64-fedora-gcc, r-devel-macos-x86_64, r-devel-windows-x86_64