CRAN Package Check Results for Package vader

Last updated on 2025-02-18 02:50:52 CET.

Flavor Version Tinstall Tcheck Ttotal Status Flags
r-devel-linux-x86_64-debian-clang 0.2.1 3.33 29.45 32.78 NOTE
r-devel-linux-x86_64-debian-gcc 0.2.1 2.73 23.00 25.73 NOTE
r-devel-linux-x86_64-fedora-clang 0.2.1 53.94 NOTE
r-devel-linux-x86_64-fedora-gcc 0.2.1 50.47 NOTE
r-devel-macos-arm64 0.2.1 20.00 NOTE
r-devel-macos-x86_64 0.2.1 34.00 NOTE
r-devel-windows-x86_64 0.2.1 4.00 60.00 64.00 NOTE
r-patched-linux-x86_64 0.2.1 3.51 28.27 31.78 NOTE
r-release-linux-x86_64 0.2.1 2.99 28.04 31.03 NOTE
r-release-macos-arm64 0.2.1 19.00 NOTE
r-release-macos-x86_64 0.2.1 28.00 NOTE
r-release-windows-x86_64 0.2.1 5.00 67.00 72.00 NOTE
r-oldrel-macos-arm64 0.2.1 19.00 NOTE
r-oldrel-macos-x86_64 0.2.1 29.00 NOTE
r-oldrel-windows-x86_64 0.2.1 5.00 56.00 61.00 NOTE

Check Details

Version: 0.2.1
Check: package subdirectories
Result: NOTE Problems with news in ‘NEWS.md’: No news entries found. Flavors: r-devel-linux-x86_64-debian-clang, r-devel-linux-x86_64-debian-gcc, r-devel-linux-x86_64-fedora-clang, r-devel-linux-x86_64-fedora-gcc, r-devel-macos-arm64, r-devel-macos-x86_64, r-devel-windows-x86_64, r-patched-linux-x86_64, r-release-linux-x86_64, r-release-macos-arm64, r-release-macos-x86_64, r-release-windows-x86_64, r-oldrel-macos-arm64, r-oldrel-macos-x86_64, r-oldrel-windows-x86_64

Version: 0.2.1
Check: LazyData
Result: NOTE 'LazyData' is specified without a 'data' directory Flavors: r-patched-linux-x86_64, r-release-linux-x86_64, r-release-macos-arm64, r-release-macos-x86_64, r-release-windows-x86_64, r-oldrel-macos-arm64, r-oldrel-macos-x86_64, r-oldrel-windows-x86_64