CRAN Package Check Results for Package valueEQ5D

Last updated on 2025-05-23 14:50:15 CEST.

Flavor Version Tinstall Tcheck Ttotal Status Flags
r-devel-linux-x86_64-debian-clang 0.7.2 2.98 63.92 66.90 OK
r-devel-linux-x86_64-debian-gcc 0.7.2 2.37 42.94 45.31 OK
r-devel-linux-x86_64-fedora-clang 0.7.2 114.47 NOTE
r-devel-linux-x86_64-fedora-gcc 0.7.2 120.09 NOTE
r-devel-windows-x86_64 0.7.2 7.00 128.00 135.00 OK
r-patched-linux-x86_64 0.7.2 3.43 60.89 64.32 OK
r-release-linux-x86_64 0.7.2 2.99 61.74 64.73 OK
r-release-macos-arm64 0.7.2 69.00 OK
r-release-macos-x86_64 0.7.2 74.00 OK
r-release-windows-x86_64 0.7.2 7.00 116.00 123.00 OK
r-oldrel-macos-arm64 0.7.2 40.00 OK
r-oldrel-macos-x86_64 0.7.2 52.00 OK
r-oldrel-windows-x86_64 0.7.2 6.00 102.00 108.00 OK

Check Details

Version: 0.7.2
Check: dependencies in R code
Result: NOTE Namespace in Imports field not imported from: ‘testthat’ All declared Imports should be used. Flavors: r-devel-linux-x86_64-fedora-clang, r-devel-linux-x86_64-fedora-gcc