Last updated on 2025-02-20 14:51:12 CET.
Flavor | Version | Tinstall | Tcheck | Ttotal | Status | Flags |
---|---|---|---|---|---|---|
r-devel-linux-x86_64-debian-clang | 1.3.5 | 4.44 | 47.59 | 52.03 | OK | |
r-devel-linux-x86_64-debian-gcc | 1.3.5 | 3.40 | 33.24 | 36.64 | OK | |
r-devel-linux-x86_64-fedora-clang | 1.3.5 | 70.93 | ERROR | |||
r-devel-linux-x86_64-fedora-gcc | 1.3.5 | 85.21 | ERROR | |||
r-devel-macos-arm64 | 1.3.5 | 40.00 | OK | |||
r-devel-macos-x86_64 | 1.3.5 | 70.00 | OK | |||
r-devel-windows-x86_64 | 1.3.5 | 6.00 | 71.00 | 77.00 | OK | |
r-patched-linux-x86_64 | 1.3.5 | 4.26 | 45.20 | 49.46 | OK | |
r-release-linux-x86_64 | 1.3.5 | 3.61 | 45.43 | 49.04 | OK | |
r-release-macos-arm64 | 1.3.5 | 40.00 | OK | |||
r-release-macos-x86_64 | 1.3.5 | 59.00 | OK | |||
r-release-windows-x86_64 | 1.3.5 | 6.00 | 72.00 | 78.00 | OK | |
r-oldrel-macos-arm64 | 1.3.5 | 33.00 | OK | |||
r-oldrel-macos-x86_64 | 1.3.5 | 76.00 | OK | |||
r-oldrel-windows-x86_64 | 1.3.5 | 7.00 | 105.00 | 112.00 | OK |
Version: 1.3.5
Check: re-building of vignette outputs
Result: ERROR
Error(s) in re-building vignettes:
--- re-building ‘varTestnlme.Rmd’ using rmarkdown
Quitting from lines 60-62 [unnamed-chunk-4] (varTestnlme.Rmd)
Error: processing vignette 'varTestnlme.Rmd' failed with diagnostics:
missing value where TRUE/FALSE needed
--- failed re-building ‘varTestnlme.Rmd’
SUMMARY: processing the following file failed:
‘varTestnlme.Rmd’
Error: Vignette re-building failed.
Execution halted
Flavors: r-devel-linux-x86_64-fedora-clang, r-devel-linux-x86_64-fedora-gcc