Last updated on 2025-02-21 02:52:28 CET.
Flavor | Version | Tinstall | Tcheck | Ttotal | Status | Flags |
---|---|---|---|---|---|---|
r-devel-linux-x86_64-debian-clang | 1.0.1 | 20.55 | 62.35 | 82.90 | NOTE | |
r-devel-linux-x86_64-debian-gcc | 1.0.1 | 14.34 | 45.76 | 60.10 | NOTE | |
r-devel-linux-x86_64-fedora-clang | 1.0.1 | 144.52 | NOTE | |||
r-devel-linux-x86_64-fedora-gcc | 1.0.1 | 129.20 | NOTE | |||
r-devel-macos-arm64 | 1.0.1 | 41.00 | NOTE | |||
r-devel-macos-x86_64 | 1.0.1 | 76.00 | NOTE | |||
r-devel-windows-x86_64 | 1.0.1 | 22.00 | 97.00 | 119.00 | NOTE | |
r-patched-linux-x86_64 | 1.0.1 | 19.79 | 57.92 | 77.71 | NOTE | |
r-release-linux-x86_64 | 1.0.1 | 20.27 | 57.95 | 78.22 | NOTE | |
r-release-macos-arm64 | 1.0.1 | 40.00 | NOTE | |||
r-release-macos-x86_64 | 1.0.1 | 58.00 | NOTE | |||
r-release-windows-x86_64 | 1.0.1 | 23.00 | 91.00 | 114.00 | NOTE | |
r-oldrel-macos-arm64 | 1.0.1 | 46.00 | NOTE | |||
r-oldrel-macos-x86_64 | 1.0.1 | 75.00 | NOTE | |||
r-oldrel-windows-x86_64 | 1.0.1 | 28.00 | 105.00 | 133.00 | NOTE |
Version: 1.0.1
Check: package subdirectories
Result: NOTE
Problems with news in ‘NEWS.md’:
No news entries found.
Flavors: r-devel-linux-x86_64-debian-clang, r-devel-linux-x86_64-debian-gcc, r-devel-linux-x86_64-fedora-clang, r-devel-linux-x86_64-fedora-gcc, r-devel-macos-arm64, r-devel-macos-x86_64, r-devel-windows-x86_64, r-patched-linux-x86_64, r-release-linux-x86_64, r-release-macos-arm64, r-release-macos-x86_64, r-release-windows-x86_64, r-oldrel-macos-arm64, r-oldrel-macos-x86_64, r-oldrel-windows-x86_64