Last updated on 2025-02-21 02:52:28 CET.
Flavor | Version | Tinstall | Tcheck | Ttotal | Status | Flags |
---|---|---|---|---|---|---|
r-devel-linux-x86_64-debian-clang | 1.6.0 | 23.86 | 83.62 | 107.48 | OK | |
r-devel-linux-x86_64-debian-gcc | 1.6.0 | 13.92 | 61.56 | 75.48 | OK | |
r-devel-linux-x86_64-fedora-clang | 1.6.0 | 184.93 | OK | |||
r-devel-linux-x86_64-fedora-gcc | 1.6.0 | 179.25 | OK | |||
r-devel-macos-arm64 | 1.6.0 | 81.00 | OK | |||
r-devel-macos-x86_64 | 1.6.0 | 139.00 | OK | |||
r-devel-windows-x86_64 | 1.6.0 | 24.00 | 117.00 | 141.00 | OK | |
r-patched-linux-x86_64 | 1.6.0 | 23.78 | 79.86 | 103.64 | OK | |
r-release-linux-x86_64 | 1.6.0 | 20.92 | 80.37 | 101.29 | OK | |
r-release-macos-arm64 | 1.6.0 | 77.00 | NOTE | |||
r-release-macos-x86_64 | 1.6.0 | 176.00 | NOTE | |||
r-release-windows-x86_64 | 1.6.0 | 24.00 | 116.00 | 140.00 | NOTE | |
r-oldrel-macos-arm64 | 1.6.0 | 86.00 | NOTE | |||
r-oldrel-macos-x86_64 | 1.6.0 | 130.00 | NOTE | |||
r-oldrel-windows-x86_64 | 1.6.0 | 29.00 | 134.00 | 163.00 | NOTE |
Version: 1.6.0
Check: installed package size
Result: NOTE
installed size is 8.6Mb
sub-directories of 1Mb or more:
doc 7.5Mb
Flavors: r-release-macos-arm64, r-release-macos-x86_64, r-release-windows-x86_64, r-oldrel-macos-arm64, r-oldrel-macos-x86_64, r-oldrel-windows-x86_64