Last updated on 2025-02-21 02:52:28 CET.
Flavor | Version | Tinstall | Tcheck | Ttotal | Status | Flags |
---|---|---|---|---|---|---|
r-devel-linux-x86_64-debian-clang | 1.3-0 | 9.58 | 67.14 | 76.72 | NOTE | |
r-devel-linux-x86_64-debian-gcc | 1.3-0 | 6.13 | 50.49 | 56.62 | NOTE | |
r-devel-linux-x86_64-fedora-clang | 1.4-0 | 131.09 | OK | |||
r-devel-linux-x86_64-fedora-gcc | 1.4-0 | 123.82 | OK | |||
r-devel-macos-arm64 | 1.3-0 | 36.00 | OK | |||
r-devel-macos-x86_64 | 1.4-0 | 71.00 | OK | |||
r-devel-windows-x86_64 | 1.3-0 | 12.00 | 81.00 | 93.00 | NOTE | |
r-patched-linux-x86_64 | 1.3-0 | 15.92 | 63.08 | 79.00 | OK | |
r-release-linux-x86_64 | 1.3-0 | 9.22 | 62.81 | 72.03 | OK | |
r-release-macos-arm64 | 1.3-0 | 35.00 | OK | |||
r-release-macos-x86_64 | 1.4-0 | 79.00 | OK | |||
r-release-windows-x86_64 | 1.3-0 | 11.00 | 77.00 | 88.00 | OK | |
r-oldrel-macos-arm64 | 1.3-0 | 52.00 | OK | |||
r-oldrel-macos-x86_64 | 1.4-0 | 86.00 | OK | |||
r-oldrel-windows-x86_64 | 1.3-0 | 13.00 | 92.00 | 105.00 | OK |
Version: 1.3-0
Check: Rd cross-references
Result: NOTE
Found the following Rd file(s) with Rd \link{} targets missing package
anchors:
ordiplot3d.Rd: envfit, ordiplot
ordirgl.Rd: scores, envfit, cca, decorana
vegan3d-package.Rd: rgl
Please provide package anchors for all Rd \link{} targets not in the
package itself and the base packages.
Flavors: r-devel-linux-x86_64-debian-clang, r-devel-linux-x86_64-debian-gcc, r-devel-windows-x86_64