Last updated on 2025-02-21 02:52:28 CET.
Flavor | Version | Tinstall | Tcheck | Ttotal | Status | Flags |
---|---|---|---|---|---|---|
r-devel-linux-x86_64-debian-clang | 1.0.6 | 64.49 | 179.14 | 243.63 | OK | |
r-devel-linux-x86_64-debian-gcc | 1.0.6 | 45.66 | 134.32 | 179.98 | OK | |
r-devel-linux-x86_64-fedora-clang | 1.0.6 | 414.48 | OK | |||
r-devel-linux-x86_64-fedora-gcc | 1.0.6 | 390.21 | OK | |||
r-devel-macos-arm64 | 1.0.6 | 132.00 | OK | |||
r-devel-macos-x86_64 | 1.0.6 | 238.00 | OK | |||
r-devel-windows-x86_64 | 1.0.6 | 64.00 | 188.00 | 252.00 | OK | |
r-patched-linux-x86_64 | 1.0.6 | 65.49 | 174.12 | 239.61 | OK | |
r-release-linux-x86_64 | 1.0.6 | 62.22 | 173.71 | 235.93 | OK | |
r-release-macos-arm64 | 1.0.6 | 108.00 | NOTE | |||
r-release-macos-x86_64 | 1.0.6 | 204.00 | NOTE | |||
r-release-windows-x86_64 | 1.0.6 | 66.00 | 188.00 | 254.00 | OK | |
r-oldrel-macos-arm64 | 1.0.6 | 112.00 | NOTE | |||
r-oldrel-macos-x86_64 | 1.0.6 | 198.00 | NOTE | |||
r-oldrel-windows-x86_64 | 1.0.6 | 78.00 | 245.00 | 323.00 | OK |
Version: 1.0.6
Check: installed package size
Result: NOTE
installed size is 7.2Mb
sub-directories of 1Mb or more:
libs 6.7Mb
Flavors: r-release-macos-arm64, r-release-macos-x86_64, r-oldrel-macos-arm64, r-oldrel-macos-x86_64