Last updated on 2024-05-21 14:57:28 CEST.
Flavor | Version | Tinstall | Tcheck | Ttotal | Status | Flags |
---|---|---|---|---|---|---|
r-devel-linux-x86_64-debian-clang | 0.10.0 | 148.54 | 238.93 | 387.47 | OK | |
r-devel-linux-x86_64-debian-gcc | 0.10.0 | 122.51 | 163.75 | 286.26 | OK | |
r-devel-linux-x86_64-fedora-clang | 0.10.0 | 488.72 | NOTE | |||
r-devel-linux-x86_64-fedora-gcc | 0.10.0 | 574.52 | OK | |||
r-devel-windows-x86_64 | 0.10.0 | 112.00 | 465.00 | 577.00 | NOTE | |
r-patched-linux-x86_64 | 0.10.0 | 169.77 | 235.67 | 405.44 | OK | |
r-release-linux-x86_64 | 0.10.0 | 168.91 | 235.73 | 404.64 | OK | |
r-release-macos-arm64 | 0.10.0 | 139.00 | NOTE | |||
r-release-macos-x86_64 | 0.10.0 | 461.00 | NOTE | |||
r-release-windows-x86_64 | 0.10.0 | 111.00 | 341.00 | 452.00 | NOTE | |
r-oldrel-macos-arm64 | 0.10.0 | 152.00 | NOTE | |||
r-oldrel-macos-x86_64 | 0.10.0 | 389.00 | NOTE | |||
r-oldrel-windows-x86_64 | 0.10.0 | 138.00 | 365.00 | 503.00 | NOTE |
Version: 0.10.0
Check: installed package size
Result: NOTE
installed size is 6.4Mb
sub-directories of 1Mb or more:
doc 1.4Mb
libs 4.8Mb
Flavors: r-devel-linux-x86_64-fedora-clang, r-devel-windows-x86_64, r-release-macos-arm64, r-release-macos-x86_64, r-release-windows-x86_64, r-oldrel-macos-arm64, r-oldrel-macos-x86_64, r-oldrel-windows-x86_64