Last updated on 2024-05-21 14:57:28 CEST.
Flavor | Version | Tinstall | Tcheck | Ttotal | Status | Flags |
---|---|---|---|---|---|---|
r-devel-linux-x86_64-debian-clang | 0.1.1 | 4.54 | 39.93 | 44.47 | NOTE | |
r-devel-linux-x86_64-debian-gcc | 0.1.1 | 3.44 | 30.23 | 33.67 | NOTE | |
r-devel-linux-x86_64-fedora-clang | 0.1.1 | 54.73 | NOTE | |||
r-devel-linux-x86_64-fedora-gcc | 0.1.1 | 52.04 | NOTE | |||
r-devel-windows-x86_64 | 0.1.1 | 5.00 | 51.00 | 56.00 | NOTE | |
r-patched-linux-x86_64 | 0.1.1 | 4.31 | 38.26 | 42.57 | NOTE | |
r-release-linux-x86_64 | 0.1.1 | 3.76 | 37.19 | 40.95 | NOTE | |
r-release-macos-arm64 | 0.1.1 | 21.00 | NOTE | |||
r-release-windows-x86_64 | 0.1.1 | 6.00 | 51.00 | 57.00 | NOTE | |
r-oldrel-macos-arm64 | 0.1.1 | 20.00 | NOTE | |||
r-oldrel-macos-x86_64 | 0.1.1 | 31.00 | NOTE | |||
r-oldrel-windows-x86_64 | 0.1.1 | 6.00 | 54.00 | 60.00 | NOTE |
Version: 0.1.1
Check: LazyData
Result: NOTE
'LazyData' is specified without a 'data' directory
Flavors: r-devel-linux-x86_64-debian-clang, r-devel-linux-x86_64-debian-gcc, r-devel-linux-x86_64-fedora-clang, r-devel-linux-x86_64-fedora-gcc, r-devel-windows-x86_64, r-patched-linux-x86_64, r-release-linux-x86_64, r-release-macos-arm64, r-release-windows-x86_64, r-oldrel-macos-arm64, r-oldrel-macos-x86_64, r-oldrel-windows-x86_64