CRAN Package Check Results for Package visTree

Last updated on 2025-02-21 02:52:28 CET.

Flavor Version Tinstall Tcheck Ttotal Status Flags
r-devel-linux-x86_64-debian-clang 0.8.1 6.49 77.63 84.12 OK
r-devel-linux-x86_64-debian-gcc 0.8.1 4.99 57.76 62.75 OK
r-devel-linux-x86_64-fedora-clang 0.8.1 129.97 NOTE
r-devel-linux-x86_64-fedora-gcc 0.8.1 139.51 NOTE
r-devel-macos-arm64 0.8.1 47.00 OK
r-devel-macos-x86_64 0.8.1 91.00 OK
r-devel-windows-x86_64 0.8.1 8.00 86.00 94.00 OK
r-patched-linux-x86_64 0.8.1 6.36 74.88 81.24 OK
r-release-linux-x86_64 0.8.1 6.22 74.87 81.09 OK
r-release-macos-arm64 0.8.1 42.00 OK
r-release-macos-x86_64 0.8.1 66.00 OK
r-release-windows-x86_64 0.8.1 7.00 86.00 93.00 OK
r-oldrel-macos-arm64 0.8.1 47.00 OK
r-oldrel-macos-x86_64 0.8.1 75.00 OK
r-oldrel-windows-x86_64 0.8.1 10.00 101.00 111.00 OK

Check Details

Version: 0.8.1
Check: dependencies in R code
Result: NOTE Namespace in Imports field not imported from: ‘rpart’ All declared Imports should be used. Flavors: r-devel-linux-x86_64-fedora-clang, r-devel-linux-x86_64-fedora-gcc