Last updated on 2025-02-21 02:52:28 CET.
Flavor | Version | Tinstall | Tcheck | Ttotal | Status | Flags |
---|---|---|---|---|---|---|
r-devel-linux-x86_64-debian-clang | 4.0.1 | 3.37 | 26.66 | 30.03 | OK | |
r-devel-linux-x86_64-debian-gcc | 4.0.1 | 2.17 | 20.32 | 22.49 | OK | |
r-devel-linux-x86_64-fedora-clang | 4.0.1 | 46.77 | OK | |||
r-devel-linux-x86_64-fedora-gcc | 4.0.1 | 43.93 | OK | |||
r-devel-macos-arm64 | 4.0.1 | 20.00 | OK | |||
r-devel-macos-x86_64 | 4.0.1 | 38.00 | OK | |||
r-devel-windows-x86_64 | 4.0.1 | 6.00 | 50.00 | 56.00 | OK | |
r-patched-linux-x86_64 | 4.0.1 | 3.07 | 25.86 | 28.93 | OK | |
r-release-linux-x86_64 | 4.0.1 | 2.97 | 25.41 | 28.38 | OK | |
r-release-macos-arm64 | 4.0.1 | 190.00 | NOTE | |||
r-release-macos-x86_64 | 4.0.1 | 199.00 | NOTE | |||
r-release-windows-x86_64 | 4.0.1 | 6.00 | 51.00 | 57.00 | NOTE | |
r-oldrel-macos-arm64 | 4.0.1 | 200.00 | NOTE | |||
r-oldrel-macos-x86_64 | 4.0.1 | 206.00 | NOTE | |||
r-oldrel-windows-x86_64 | 4.0.1 | 6.00 | 53.00 | 59.00 | NOTE |
Version: 4.0.1
Check: installed package size
Result: NOTE
installed size is 6.6Mb
sub-directories of 1Mb or more:
help 1.3Mb
htmlwidgets 5.3Mb
Flavors: r-release-macos-arm64, r-release-macos-x86_64, r-release-windows-x86_64, r-oldrel-macos-arm64, r-oldrel-macos-x86_64, r-oldrel-windows-x86_64