Last updated on 2025-02-21 02:52:28 CET.
Flavor | Version | Tinstall | Tcheck | Ttotal | Status | Flags |
---|---|---|---|---|---|---|
r-devel-linux-x86_64-debian-clang | 1.1.0 | 16.19 | 272.53 | 288.72 | OK | |
r-devel-linux-x86_64-debian-gcc | 1.1.0 | 10.05 | 179.20 | 189.25 | OK | |
r-devel-linux-x86_64-fedora-clang | 1.1.0 | 466.75 | OK | |||
r-devel-linux-x86_64-fedora-gcc | 1.1.0 | 438.23 | OK | |||
r-devel-macos-arm64 | 1.1.0 | 116.00 | OK | |||
r-devel-macos-x86_64 | 1.1.0 | 247.00 | OK | |||
r-devel-windows-x86_64 | 1.1.0 | 15.00 | 253.00 | 268.00 | OK | |
r-patched-linux-x86_64 | 1.1.0 | 15.31 | 254.00 | 269.31 | OK | |
r-release-linux-x86_64 | 1.1.0 | 14.56 | 255.78 | 270.34 | OK | |
r-release-macos-arm64 | 1.1.0 | 128.00 | NOTE | |||
r-release-macos-x86_64 | 1.1.0 | 344.00 | NOTE | |||
r-release-windows-x86_64 | 1.1.0 | 15.00 | 247.00 | 262.00 | NOTE | |
r-oldrel-macos-arm64 | 1.1.0 | 130.00 | NOTE | |||
r-oldrel-macos-x86_64 | 1.1.0 | 257.00 | NOTE | |||
r-oldrel-windows-x86_64 | 1.1.0 | 22.00 | 324.00 | 346.00 | NOTE |
Version: 1.1.0
Check: installed package size
Result: NOTE
installed size is 6.0Mb
sub-directories of 1Mb or more:
data 4.4Mb
help 1.3Mb
Flavors: r-release-macos-arm64, r-release-macos-x86_64, r-release-windows-x86_64, r-oldrel-macos-arm64, r-oldrel-macos-x86_64, r-oldrel-windows-x86_64