Last updated on 2025-05-18 02:49:53 CEST.
Flavor | Version | Tinstall | Tcheck | Ttotal | Status | Flags |
---|---|---|---|---|---|---|
r-devel-linux-x86_64-debian-clang | 1.0.9 | 98.11 | 67.50 | 165.61 | OK | |
r-devel-linux-x86_64-debian-gcc | 1.0.9 | 77.34 | 51.28 | 128.62 | OK | |
r-devel-linux-x86_64-fedora-clang | 1.0.9 | 259.13 | OK | |||
r-devel-linux-x86_64-fedora-gcc | 1.0.9 | 303.33 | OK | |||
r-devel-windows-x86_64 | 1.0.9 | 198.00 | 270.00 | 468.00 | OK | |
r-patched-linux-x86_64 | 1.0.9 | 98.28 | 63.82 | 162.10 | OK | |
r-release-linux-x86_64 | 1.0.9 | 98.17 | 64.08 | 162.25 | OK | |
r-release-macos-arm64 | 1.0.9 | 112.00 | OK | |||
r-release-macos-x86_64 | 1.0.9 | 147.00 | OK | |||
r-release-windows-x86_64 | 1.0.9 | 194.00 | 275.00 | 469.00 | OK | |
r-oldrel-macos-arm64 | 1.0.9 | 102.00 | NOTE | |||
r-oldrel-macos-x86_64 | 1.0.9 | 197.00 | NOTE | |||
r-oldrel-windows-x86_64 | 1.0.9 | 224.00 | 314.00 | 538.00 | NOTE |
Version: 1.0.9
Check: installed package size
Result: NOTE
installed size is 27.0Mb
sub-directories of 1Mb or more:
extdata 1.6Mb
libs 25.1Mb
Flavors: r-oldrel-macos-arm64, r-oldrel-macos-x86_64, r-oldrel-windows-x86_64
Version: 1.0.9
Check: for GNU extensions in Makefiles
Result: NOTE
GNU make is a SystemRequirements.
Flavors: r-oldrel-macos-arm64, r-oldrel-macos-x86_64, r-oldrel-windows-x86_64