Last updated on 2024-05-21 14:57:28 CEST.
Flavor | Version | Tinstall | Tcheck | Ttotal | Status | Flags |
---|---|---|---|---|---|---|
r-devel-linux-x86_64-debian-clang | 1.0.2 | 136.14 | 79.57 | 215.71 | NOTE | |
r-devel-linux-x86_64-debian-gcc | 1.0.2 | 101.69 | 61.11 | 162.80 | NOTE | |
r-devel-linux-x86_64-fedora-clang | 1.0.2 | 274.60 | NOTE | |||
r-devel-linux-x86_64-fedora-gcc | 1.0.2 | 302.47 | NOTE | |||
r-devel-windows-x86_64 | 1.0.2 | 176.00 | 5.00 | 181.00 | ERROR | |
r-patched-linux-x86_64 | 1.0.2 | 132.80 | 77.21 | 210.01 | NOTE | |
r-release-linux-x86_64 | 1.0.2 | 126.52 | 77.18 | 203.70 | NOTE | |
r-release-macos-arm64 | 1.0.2 | 92.00 | NOTE | |||
r-release-windows-x86_64 | 1.0.2 | 186.00 | 5.00 | 191.00 | ERROR | |
r-oldrel-macos-arm64 | 1.0.2 | 99.00 | NOTE | |||
r-oldrel-macos-x86_64 | 1.0.2 | 153.00 | NOTE | |||
r-oldrel-windows-x86_64 | 1.0.2 | 225.00 | 298.00 | 523.00 | NOTE |
Version: 1.0.2
Check: for GNU extensions in Makefiles
Result: NOTE
GNU make is a SystemRequirements.
Flavors: r-devel-linux-x86_64-debian-clang, r-devel-linux-x86_64-debian-gcc, r-devel-linux-x86_64-fedora-clang, r-devel-linux-x86_64-fedora-gcc, r-patched-linux-x86_64, r-release-linux-x86_64, r-release-macos-arm64, r-oldrel-macos-arm64, r-oldrel-macos-x86_64, r-oldrel-windows-x86_64
Version: 1.0.2
Check: whether package can be installed
Result: ERROR
Installation failed.
Flavors: r-devel-windows-x86_64, r-release-windows-x86_64
Version: 1.0.2
Check: installed package size
Result: NOTE
installed size is 31.6Mb
sub-directories of 1Mb or more:
extdata 1.6Mb
libs 29.7Mb
Flavors: r-release-macos-arm64, r-oldrel-macos-arm64, r-oldrel-macos-x86_64, r-oldrel-windows-x86_64