Last updated on 2025-02-21 02:52:28 CET.
Flavor | Version | Tinstall | Tcheck | Ttotal | Status | Flags |
---|---|---|---|---|---|---|
r-devel-linux-x86_64-debian-clang | 1.1.2-8 | 422.58 | 49.58 | 472.16 | OK | |
r-devel-linux-x86_64-debian-gcc | 1.1.2-8 | 373.94 | 66.55 | 440.49 | OK | |
r-devel-linux-x86_64-fedora-clang | 1.1.2-8 | 802.01 | OK | |||
r-devel-linux-x86_64-fedora-gcc | 1.1.2-8 | 1071.38 | OK | |||
r-devel-macos-arm64 | 1.1.2-8 | 183.00 | OK | |||
r-devel-macos-x86_64 | 1.1.2-8 | 224.00 | OK | |||
r-devel-windows-x86_64 | 1.1.2-8 | 470.00 | 136.00 | 606.00 | OK | |
r-patched-linux-x86_64 | 1.1.2-8 | 500.21 | 88.68 | 588.89 | OK | |
r-release-linux-x86_64 | 1.1.2-8 | 508.65 | 88.91 | 597.56 | OK | |
r-release-macos-arm64 | 1.1.2-8 | 197.00 | NOTE | |||
r-release-macos-x86_64 | 1.1.2-8 | 204.00 | NOTE | |||
r-release-windows-x86_64 | 1.1.2-8 | 490.00 | 132.00 | 622.00 | OK | |
r-oldrel-macos-arm64 | 1.1.2-8 | 183.00 | NOTE | |||
r-oldrel-macos-x86_64 | 1.1.2-8 | 201.00 | NOTE | |||
r-oldrel-windows-x86_64 | 1.1.2-8 | 594.00 | 152.00 | 746.00 | OK |
Version: 1.1.2-8
Check: installed package size
Result: NOTE
installed size is 62.1Mb
sub-directories of 1Mb or more:
libs 61.7Mb
Flavors: r-release-macos-arm64, r-release-macos-x86_64, r-oldrel-macos-arm64, r-oldrel-macos-x86_64