CRAN Package Check Results for Package vprr

Last updated on 2025-02-18 02:50:53 CET.

Flavor Version Tinstall Tcheck Ttotal Status Flags
r-devel-linux-x86_64-debian-clang 0.2.3 14.04 81.51 95.55 NOTE
r-devel-linux-x86_64-debian-gcc 0.2.3 10.11 57.66 67.77 NOTE
r-devel-linux-x86_64-fedora-clang 0.2.3 153.56 NOTE
r-devel-linux-x86_64-fedora-gcc 0.2.3 153.75 NOTE
r-devel-macos-arm64 0.2.3 48.00 OK
r-devel-macos-x86_64 0.2.3 102.00 OK
r-devel-windows-x86_64 0.2.3 22.00 98.00 120.00 NOTE
r-patched-linux-x86_64 0.2.3 17.78 74.48 92.26 OK
r-release-linux-x86_64 0.2.3 10.70 75.97 86.67 OK
r-release-macos-arm64 0.2.3 49.00 NOTE
r-release-macos-x86_64 0.2.3 77.00 NOTE
r-release-windows-x86_64 0.2.3 22.00 103.00 125.00 NOTE
r-oldrel-macos-arm64 0.2.3 52.00 NOTE
r-oldrel-macos-x86_64 0.2.3 85.00 NOTE
r-oldrel-windows-x86_64 0.2.3 24.00 133.00 157.00 NOTE

Check Details

Version: 0.2.3
Check: Rd cross-references
Result: NOTE Found the following Rd file(s) with Rd \link{} targets missing package anchors: ctd_cast.Rd: ctdFindProfiles vpr_manual_classification.Rd: image_scale Please provide package anchors for all Rd \link{} targets not in the package itself and the base packages. Flavors: r-devel-linux-x86_64-debian-clang, r-devel-linux-x86_64-debian-gcc, r-devel-windows-x86_64

Version: 0.2.3
Check: dependencies in R code
Result: NOTE Namespace in Imports field not imported from: ‘usethis’ All declared Imports should be used. Flavors: r-devel-linux-x86_64-fedora-clang, r-devel-linux-x86_64-fedora-gcc

Version: 0.2.3
Check: installed package size
Result: NOTE installed size is 9.7Mb sub-directories of 1Mb or more: extdata 8.4Mb Flavors: r-release-macos-arm64, r-release-macos-x86_64, r-release-windows-x86_64, r-oldrel-macos-arm64, r-oldrel-macos-x86_64, r-oldrel-windows-x86_64