Last updated on 2025-05-08 02:51:13 CEST.
Flavor | Version | Tinstall | Tcheck | Ttotal | Status | Flags |
---|---|---|---|---|---|---|
r-devel-linux-x86_64-debian-clang | 0.1.0 | 12.76 | 25.23 | 37.99 | NOTE | |
r-devel-linux-x86_64-debian-gcc | 0.1.0 | 9.28 | 20.42 | 29.70 | NOTE | |
r-devel-linux-x86_64-fedora-clang | 0.1.0 | 62.24 | NOTE | |||
r-devel-linux-x86_64-fedora-gcc | 0.1.0 | 62.52 | NOTE | |||
r-devel-windows-x86_64 | 0.1.0 | 15.00 | 67.00 | 82.00 | NOTE | |
r-patched-linux-x86_64 | 0.1.0 | 12.26 | 23.60 | 35.86 | NOTE | |
r-release-linux-x86_64 | 0.1.0 | 12.69 | 22.94 | 35.63 | NOTE | |
r-release-macos-arm64 | 0.1.0 | 22.00 | NOTE | |||
r-release-macos-x86_64 | 0.1.0 | 38.00 | NOTE | |||
r-release-windows-x86_64 | 0.1.0 | 16.00 | 65.00 | 81.00 | NOTE | |
r-oldrel-macos-arm64 | 0.1.0 | 22.00 | NOTE | |||
r-oldrel-macos-x86_64 | 0.1.0 | 51.00 | NOTE | |||
r-oldrel-windows-x86_64 | 0.1.0 | 14.00 | 72.00 | 86.00 | NOTE |
Version: 0.1.0
Check: C++ specification
Result: NOTE
Specified C++11: please drop specification unless essential
Flavors: r-devel-linux-x86_64-debian-clang, r-devel-linux-x86_64-debian-gcc, r-devel-linux-x86_64-fedora-clang, r-devel-linux-x86_64-fedora-gcc, r-devel-windows-x86_64, r-patched-linux-x86_64, r-release-linux-x86_64, r-release-macos-arm64, r-release-macos-x86_64, r-release-windows-x86_64, r-oldrel-macos-arm64, r-oldrel-macos-x86_64, r-oldrel-windows-x86_64