Last updated on 2024-05-21 14:57:29 CEST.
Flavor | Version | Tinstall | Tcheck | Ttotal | Status | Flags |
---|---|---|---|---|---|---|
r-devel-linux-x86_64-debian-clang | 1.8.4 | 13.51 | 76.26 | 89.77 | OK | |
r-devel-linux-x86_64-debian-gcc | 1.8.4 | 8.94 | 56.20 | 65.14 | WARN | |
r-devel-linux-x86_64-fedora-clang | 1.8.4 | 91.08 | WARN | |||
r-devel-linux-x86_64-fedora-gcc | 1.8.4 | 106.62 | WARN | |||
r-devel-windows-x86_64 | 1.8.4 | 15.00 | 87.00 | 102.00 | WARN | |
r-patched-linux-x86_64 | 1.8.4 | 12.41 | 74.44 | 86.85 | WARN | |
r-release-linux-x86_64 | 1.8.4 | 12.16 | 73.45 | 85.61 | OK | |
r-release-macos-arm64 | 1.8.4 | 34.00 | OK | |||
r-release-windows-x86_64 | 1.8.4 | 14.00 | 89.00 | 103.00 | OK | |
r-oldrel-macos-arm64 | 1.8.4 | 35.00 | OK | |||
r-oldrel-macos-x86_64 | 1.8.4 | 55.00 | NOTE | |||
r-oldrel-windows-x86_64 | 1.8.4 | 14.00 | 95.00 | 109.00 | OK |
Version: 1.8.4
Check: whether package can be installed
Result: WARN
Found the following significant warnings:
Warning: Fortran 2018 deleted feature: DO termination statement which is not END DO or CONTINUE with label 50 at (1)
Warning: Fortran 2018 deleted feature: DO termination statement which is not END DO or CONTINUE with label 85 at (1)
Warning: Fortran 2018 deleted feature: DO termination statement which is not END DO or CONTINUE with label 90 at (1)
Warning: Fortran 2018 deleted feature: DO termination statement which is not END DO or CONTINUE with label 100 at (1)
Warning: Fortran 2018 deleted feature: DO termination statement which is not END DO or CONTINUE with label 105 at (1)
Warning: Fortran 2018 deleted feature: DO termination statement which is not END DO or CONTINUE with label 120 at (1)
Warning: Fortran 2018 deleted feature: DO termination statement which is not END DO or CONTINUE with label 220 at (1)
Warning: Fortran 2018 deleted feature: DO termination statement which is not END DO or CONTINUE with label 10 at (1)
Warning: Fortran 2018 deleted feature: DO termination statement which is not END DO or CONTINUE with label 15 at (1)
Warning: Fortran 2018 deleted feature: Shared DO termination label 5 at (1)
Warning: Fortran 2018 deleted feature: DO termination statement which is not END DO or CONTINUE with label 5 at (1)
See ‘/home/hornik/tmp/R.check/r-devel-gcc/Work/PKGS/waveslim.Rcheck/00install.out’ for details.
* used C compiler: ‘gcc-13 (Debian 13.2.0-25) 13.2.0’
* used Fortran compiler: ‘GNU Fortran (Debian 13.2.0-25) 13.2.0’
Flavor: r-devel-linux-x86_64-debian-gcc
Version: 1.8.4
Check: whether package can be installed
Result: WARN
Found the following significant warnings:
./bell-p-w.f:140:10: portability: A DO loop should terminate with an END DO or CONTINUE
./bell-p-w.f:160:15: portability: A DO loop should terminate with an END DO or CONTINUE
./bell-p-w.f:165:17: portability: A DO loop should terminate with an END DO or CONTINUE
./bell-p-w.f:174:10: portability: A DO loop should terminate with an END DO or CONTINUE
./bell-p-w.f:177:10: portability: A DO loop should terminate with an END DO or CONTINUE
./bell-p-w.f:184:10: portability: A DO loop should terminate with an END DO or CONTINUE
./bell-p-w.f:220:10: portability: A DO loop should terminate with an END DO or CONTINUE
./bell-p-w.f:286:7: portability: A DO loop should terminate with an END DO or CONTINUE
./bell-p-w.f:292:19: portability: A DO loop should terminate with an END DO or CONTINUE
./bell-p-w.f:304:7: portability: A DO loop should terminate with an END DO or CONTINUE
./bell-p-w.f:310:7: portability: A DO loop should terminate with an END DO or CONTINUE
./bell-p-w.f:357:7: portability: A DO loop should terminate with an END DO or CONTINUE
./bell-p-w.f:362:7: portability: A DO loop should terminate with an END DO or CONTINUE
See ‘/data/gannet/ripley/R/packages/tests-clang/waveslim.Rcheck/00install.out’ for details.
* used C compiler: ‘clang version 18.1.5’
* used Fortran compiler: ‘flang-new version 18.1.5’
Flavor: r-devel-linux-x86_64-fedora-clang
Version: 1.8.4
Check: whether package can be installed
Result: WARN
Found the following significant warnings:
Warning: Fortran 2018 deleted feature: DO termination statement which is not END DO or CONTINUE with label 50 at (1)
Warning: Fortran 2018 deleted feature: DO termination statement which is not END DO or CONTINUE with label 85 at (1)
Warning: Fortran 2018 deleted feature: DO termination statement which is not END DO or CONTINUE with label 90 at (1)
Warning: Fortran 2018 deleted feature: DO termination statement which is not END DO or CONTINUE with label 100 at (1)
Warning: Fortran 2018 deleted feature: DO termination statement which is not END DO or CONTINUE with label 105 at (1)
Warning: Fortran 2018 deleted feature: DO termination statement which is not END DO or CONTINUE with label 120 at (1)
Warning: Fortran 2018 deleted feature: DO termination statement which is not END DO or CONTINUE with label 220 at (1)
Warning: Fortran 2018 deleted feature: DO termination statement which is not END DO or CONTINUE with label 10 at (1)
Warning: Fortran 2018 deleted feature: DO termination statement which is not END DO or CONTINUE with label 15 at (1)
Warning: Fortran 2018 deleted feature: Shared DO termination label 5 at (1)
Warning: Fortran 2018 deleted feature: DO termination statement which is not END DO or CONTINUE with label 5 at (1)
See ‘/data/gannet/ripley/R/packages/tests-devel/waveslim.Rcheck/00install.out’ for details.
* used C compiler: ‘gcc-14 (GCC) 14.1.0’
* used Fortran compiler: ‘GNU Fortran (GCC) 14.1.0’
Flavor: r-devel-linux-x86_64-fedora-gcc
Version: 1.8.4
Check: whether package can be installed
Result: WARN
Found the following significant warnings:
Warning: Fortran 2018 deleted feature: DO termination statement which is not END DO or CONTINUE with label 50 at (1)
Warning: Fortran 2018 deleted feature: DO termination statement which is not END DO or CONTINUE with label 85 at (1)
Warning: Fortran 2018 deleted feature: DO termination statement which is not END DO or CONTINUE with label 90 at (1)
Warning: Fortran 2018 deleted feature: DO termination statement which is not END DO or CONTINUE with label 100 at (1)
Warning: Fortran 2018 deleted feature: DO termination statement which is not END DO or CONTINUE with label 105 at (1)
Warning: Fortran 2018 deleted feature: DO termination statement which is not END DO or CONTINUE with label 120 at (1)
Warning: Fortran 2018 deleted feature: DO termination statement which is not END DO or CONTINUE with label 220 at (1)
Warning: Fortran 2018 deleted feature: DO termination statement which is not END DO or CONTINUE with label 10 at (1)
Warning: Fortran 2018 deleted feature: DO termination statement which is not END DO or CONTINUE with label 15 at (1)
Warning: Fortran 2018 deleted feature: Shared DO termination label 5 at (1)
Warning: Fortran 2018 deleted feature: DO termination statement which is not END DO or CONTINUE with label 5 at (1)
See 'd:/Rcompile/CRANpkg/local/4.5/waveslim.Rcheck/00install.out' for details.
* used C compiler: 'gcc.exe (GCC) 13.2.0'
* used Fortran compiler: 'GNU Fortran (GCC) 13.2.0'
Flavor: r-devel-windows-x86_64
Version: 1.8.4
Check: whether package can be installed
Result: WARN
Found the following significant warnings:
Warning: Fortran 2018 deleted feature: DO termination statement which is not END DO or CONTINUE with label 50 at (1)
Warning: Fortran 2018 deleted feature: DO termination statement which is not END DO or CONTINUE with label 85 at (1)
Warning: Fortran 2018 deleted feature: DO termination statement which is not END DO or CONTINUE with label 90 at (1)
Warning: Fortran 2018 deleted feature: DO termination statement which is not END DO or CONTINUE with label 100 at (1)
Warning: Fortran 2018 deleted feature: DO termination statement which is not END DO or CONTINUE with label 105 at (1)
Warning: Fortran 2018 deleted feature: DO termination statement which is not END DO or CONTINUE with label 120 at (1)
Warning: Fortran 2018 deleted feature: DO termination statement which is not END DO or CONTINUE with label 220 at (1)
Warning: Fortran 2018 deleted feature: DO termination statement which is not END DO or CONTINUE with label 10 at (1)
Warning: Fortran 2018 deleted feature: DO termination statement which is not END DO or CONTINUE with label 15 at (1)
Warning: Fortran 2018 deleted feature: Shared DO termination label 5 at (1)
Warning: Fortran 2018 deleted feature: DO termination statement which is not END DO or CONTINUE with label 5 at (1)
See ‘/home/hornik/tmp/R.check/r-patched-gcc/Work/PKGS/waveslim.Rcheck/00install.out’ for details.
* used C compiler: ‘gcc-13 (Debian 13.2.0-24) 13.2.0’
* used Fortran compiler: ‘GNU Fortran (Debian 13.2.0-24) 13.2.0’
Flavor: r-patched-linux-x86_64
Version: 1.8.4
Check: package dependencies
Result: NOTE
Package suggested but not available for checking: ‘fftw’
Flavor: r-oldrel-macos-x86_64