Last updated on 2025-02-21 02:52:28 CET.
Flavor | Version | Tinstall | Tcheck | Ttotal | Status | Flags |
---|---|---|---|---|---|---|
r-devel-linux-x86_64-debian-clang | 1.1.0 | 1.80 | 165.24 | 167.04 | OK | |
r-devel-linux-x86_64-debian-gcc | 1.1.0 | 1.39 | 96.61 | 98.00 | OK | |
r-devel-linux-x86_64-fedora-clang | 1.1.0 | 282.90 | OK | |||
r-devel-linux-x86_64-fedora-gcc | 1.1.0 | 281.40 | OK | |||
r-devel-macos-arm64 | 1.1.0 | 63.00 | OK | |||
r-devel-macos-x86_64 | 1.1.0 | 155.00 | OK | |||
r-devel-windows-x86_64 | 1.1.0 | 3.00 | 195.00 | 198.00 | OK | |
r-patched-linux-x86_64 | 1.1.0 | 1.76 | 152.85 | 154.61 | NOTE | |
r-release-linux-x86_64 | 1.1.0 | 1.91 | 153.19 | 155.10 | NOTE | |
r-release-macos-arm64 | 1.1.0 | 63.00 | NOTE | |||
r-release-macos-x86_64 | 1.1.0 | 119.00 | NOTE | |||
r-release-windows-x86_64 | 1.1.0 | 3.00 | 196.00 | 199.00 | NOTE | |
r-oldrel-macos-arm64 | 1.1.0 | 79.00 | NOTE | |||
r-oldrel-macos-x86_64 | 1.1.0 | 128.00 | NOTE | |||
r-oldrel-windows-x86_64 | 1.1.0 | 3.00 | 242.00 | 245.00 | NOTE |
Version: 1.1.0
Check: LazyData
Result: NOTE
'LazyData' is specified without a 'data' directory
Flavors: r-patched-linux-x86_64, r-release-linux-x86_64, r-release-macos-arm64, r-release-macos-x86_64, r-release-windows-x86_64, r-oldrel-macos-arm64, r-oldrel-macos-x86_64, r-oldrel-windows-x86_64