Last updated on 2025-02-21 02:52:28 CET.
Flavor | Version | Tinstall | Tcheck | Ttotal | Status | Flags |
---|---|---|---|---|---|---|
r-devel-linux-x86_64-debian-clang | 1.0.3 | 7.26 | 51.39 | 58.65 | OK | |
r-devel-linux-x86_64-debian-gcc | 1.0.3 | 4.83 | 39.95 | 44.78 | OK | |
r-devel-linux-x86_64-fedora-clang | 1.0.3 | 89.60 | OK | |||
r-devel-linux-x86_64-fedora-gcc | 1.0.3 | 104.53 | OK | |||
r-devel-macos-arm64 | 1.0.3 | 34.00 | OK | |||
r-devel-macos-x86_64 | 1.0.3 | 74.00 | OK | |||
r-devel-windows-x86_64 | 1.0.3 | 12.00 | 69.00 | 81.00 | OK | |
r-patched-linux-x86_64 | 1.0.3 | 5.77 | 48.99 | 54.76 | OK | |
r-release-linux-x86_64 | 1.0.3 | 6.30 | 48.69 | 54.99 | OK | |
r-release-macos-arm64 | 1.0.3 | 34.00 | NOTE | |||
r-release-macos-x86_64 | 1.0.3 | 52.00 | NOTE | |||
r-release-windows-x86_64 | 1.0.3 | 13.00 | 67.00 | 80.00 | NOTE | |
r-oldrel-macos-arm64 | 1.0.3 | 40.00 | NOTE | |||
r-oldrel-macos-x86_64 | 1.0.3 | 64.00 | NOTE | |||
r-oldrel-windows-x86_64 | 1.0.3 | 13.00 | 88.00 | 101.00 | NOTE |
Version: 1.0.3
Check: installed package size
Result: NOTE
installed size is 10.5Mb
sub-directories of 1Mb or more:
client 9.4Mb
doc 1.0Mb
Flavors: r-release-macos-arm64, r-release-macos-x86_64, r-release-windows-x86_64, r-oldrel-macos-arm64, r-oldrel-macos-x86_64, r-oldrel-windows-x86_64