Last updated on 2024-05-21 14:57:29 CEST.
Flavor | Version | Tinstall | Tcheck | Ttotal | Status | Flags |
---|---|---|---|---|---|---|
r-devel-linux-x86_64-debian-clang | 0.5 | 9.27 | 61.83 | 71.10 | OK | |
r-devel-linux-x86_64-debian-gcc | 0.5 | 6.75 | 45.21 | 51.96 | OK | |
r-devel-linux-x86_64-fedora-clang | 0.5 | 88.32 | NOTE | |||
r-devel-linux-x86_64-fedora-gcc | 0.5 | 81.00 | NOTE | |||
r-devel-windows-x86_64 | 0.5 | 12.00 | 143.00 | 155.00 | OK | |
r-patched-linux-x86_64 | 0.5 | 7.69 | 58.56 | 66.25 | OK | |
r-release-linux-x86_64 | 0.5 | 7.54 | 57.66 | 65.20 | OK | |
r-release-macos-arm64 | 0.5 | 31.00 | OK | |||
r-release-windows-x86_64 | 0.5 | 14.00 | 66.00 | 80.00 | OK | |
r-oldrel-macos-arm64 | 0.5 | 32.00 | OK | |||
r-oldrel-macos-x86_64 | 0.5 | 42.00 | OK | |||
r-oldrel-windows-x86_64 | 0.5 | 14.00 | 75.00 | 89.00 | OK |
Version: 0.5
Check: compiled code
Result: NOTE
File ‘weightedCL/libs/weightedCL.so’:
Found no calls to: ‘R_registerRoutines’, ‘R_useDynamicSymbols’
It is good practice to register native routines and to disable symbol
search.
See ‘Writing portable packages’ in the ‘Writing R Extensions’ manual.
Flavors: r-devel-linux-x86_64-fedora-clang, r-devel-linux-x86_64-fedora-gcc