Last updated on 2025-02-20 14:51:13 CET.
Flavor | Version | Tinstall | Tcheck | Ttotal | Status | Flags |
---|---|---|---|---|---|---|
r-devel-linux-x86_64-debian-clang | 0.1.3 | 1.70 | 22.77 | 24.47 | NOTE | |
r-devel-linux-x86_64-debian-gcc | 0.1.3 | 1.39 | 18.08 | 19.47 | NOTE | |
r-devel-linux-x86_64-fedora-clang | 0.1.3 | 39.69 | NOTE | |||
r-devel-linux-x86_64-fedora-gcc | 0.1.3 | 51.33 | NOTE | |||
r-devel-macos-arm64 | 0.1.3 | 23.00 | OK | |||
r-devel-macos-x86_64 | 0.1.3 | 43.00 | NOTE | |||
r-devel-windows-x86_64 | 0.1.3 | 3.00 | 44.00 | 47.00 | NOTE | |
r-patched-linux-x86_64 | 0.1.3 | 1.82 | 21.52 | 23.34 | OK | |
r-release-linux-x86_64 | 0.1.3 | 1.33 | 21.56 | 22.89 | OK | |
r-release-macos-arm64 | 0.1.3 | 26.00 | OK | |||
r-release-macos-x86_64 | 0.1.3 | 36.00 | OK | |||
r-release-windows-x86_64 | 0.1.3 | 4.00 | 45.00 | 49.00 | OK | |
r-oldrel-macos-arm64 | 0.1.3 | 28.00 | OK | |||
r-oldrel-macos-x86_64 | 0.1.3 | 48.00 | OK | |||
r-oldrel-windows-x86_64 | 0.1.3 | 4.00 | 47.00 | 51.00 | OK |
Version: 0.1.3
Check: DESCRIPTION meta-information
Result: NOTE
Missing dependency on R >= 4.1.0 because package code uses the pipe
|> or function shorthand \(...) syntax added in R 4.1.0.
File(s) using such syntax:
‘coords_from_words.R’ ‘get_available_languages.R’
‘words_from_coords.R’
Flavors: r-devel-linux-x86_64-debian-clang, r-devel-linux-x86_64-debian-gcc, r-devel-linux-x86_64-fedora-clang, r-devel-linux-x86_64-fedora-gcc, r-devel-macos-x86_64, r-devel-windows-x86_64