Last updated on 2024-05-21 14:57:29 CEST.
Flavor | Version | Tinstall | Tcheck | Ttotal | Status | Flags |
---|---|---|---|---|---|---|
r-devel-linux-x86_64-debian-clang | 0.1 | 1.95 | 24.71 | 26.66 | OK | |
r-devel-linux-x86_64-debian-gcc | 0.1 | 1.84 | 19.76 | 21.60 | OK | |
r-devel-linux-x86_64-fedora-clang | 0.1 | 35.54 | NOTE | |||
r-devel-linux-x86_64-fedora-gcc | 0.1 | 32.91 | NOTE | |||
r-devel-windows-x86_64 | 0.1 | 5.00 | 42.00 | 47.00 | OK | |
r-patched-linux-x86_64 | 0.1 | 1.82 | 24.88 | 26.70 | OK | |
r-release-linux-x86_64 | 0.1 | 1.77 | 24.32 | 26.09 | OK | |
r-release-macos-arm64 | 0.1 | 18.00 | OK | |||
r-release-windows-x86_64 | 0.1 | 5.00 | 43.00 | 48.00 | OK | |
r-oldrel-macos-arm64 | 0.1 | 18.00 | OK | |||
r-oldrel-macos-x86_64 | 0.1 | 21.00 | OK | |||
r-oldrel-windows-x86_64 | 0.1 | 4.00 | 44.00 | 48.00 | OK |
Version: 0.1
Check: data for non-ASCII characters
Result: NOTE
Note: found 4102 marked UTF-8 strings
Flavors: r-devel-linux-x86_64-fedora-clang, r-devel-linux-x86_64-fedora-gcc