Last updated on 2025-02-21 02:52:29 CET.
Flavor | Version | Tinstall | Tcheck | Ttotal | Status | Flags |
---|---|---|---|---|---|---|
r-devel-linux-x86_64-debian-clang | 1.0.2 | 3.13 | 32.71 | 35.84 | NOTE | |
r-devel-linux-x86_64-debian-gcc | 1.0.2 | 2.62 | 24.62 | 27.24 | NOTE | |
r-devel-linux-x86_64-fedora-clang | 1.0.2 | 59.01 | OK | |||
r-devel-linux-x86_64-fedora-gcc | 1.0.2 | 72.72 | OK | |||
r-devel-macos-arm64 | 1.0.2 | 25.00 | OK | |||
r-devel-macos-x86_64 | 1.0.2 | 44.00 | OK | |||
r-devel-windows-x86_64 | 1.0.2 | 6.00 | 52.00 | 58.00 | NOTE | |
r-patched-linux-x86_64 | 1.0.2 | 7.75 | 30.80 | 38.55 | NOTE | |
r-release-linux-x86_64 | 1.0.2 | 3.98 | 31.29 | 35.27 | NOTE | |
r-release-macos-arm64 | 1.0.2 | 26.00 | NOTE | |||
r-release-macos-x86_64 | 1.0.2 | 36.00 | NOTE | |||
r-release-windows-x86_64 | 1.0.2 | 5.00 | 52.00 | 57.00 | NOTE | |
r-oldrel-macos-arm64 | 1.0.2 | 29.00 | NOTE | |||
r-oldrel-macos-x86_64 | 1.0.2 | 33.00 | NOTE | |||
r-oldrel-windows-x86_64 | 1.0.2 | 7.00 | 51.00 | 58.00 | NOTE |
Version: 1.0.2
Check: Rd cross-references
Result: NOTE
Found the following Rd file(s) with Rd \link{} targets missing package
anchors:
countChildrenParent.Rd: countSameStartEnd, contribToContigPerFrag
Please provide package anchors for all Rd \link{} targets not in the
package itself and the base packages.
Flavors: r-devel-linux-x86_64-debian-clang, r-devel-linux-x86_64-debian-gcc, r-devel-windows-x86_64
Version: 1.0.2
Check: LazyData
Result: NOTE
'LazyData' is specified without a 'data' directory
Flavors: r-patched-linux-x86_64, r-release-linux-x86_64, r-release-macos-arm64, r-release-macos-x86_64, r-release-windows-x86_64, r-oldrel-macos-arm64, r-oldrel-macos-x86_64, r-oldrel-windows-x86_64
Version: 1.0.2
Check: package dependencies
Result: NOTE
Package suggested but not available for checking: ‘preprocessCore’
Flavor: r-oldrel-macos-x86_64