Last updated on 2025-02-21 02:52:29 CET.
Flavor | Version | Tinstall | Tcheck | Ttotal | Status | Flags |
---|---|---|---|---|---|---|
r-devel-linux-x86_64-debian-clang | 0.1.0 | 4.52 | 38.18 | 42.70 | OK | |
r-devel-linux-x86_64-debian-gcc | 0.1.0 | 3.35 | 28.32 | 31.67 | OK | |
r-devel-linux-x86_64-fedora-clang | 0.1.0 | 66.52 | NOTE | |||
r-devel-linux-x86_64-fedora-gcc | 0.1.0 | 64.29 | NOTE | |||
r-devel-macos-arm64 | 0.1.0 | 25.00 | OK | |||
r-devel-macos-x86_64 | 0.1.0 | 42.00 | OK | |||
r-devel-windows-x86_64 | 0.1.0 | 7.00 | 62.00 | 69.00 | OK | |
r-patched-linux-x86_64 | 0.1.0 | 4.53 | 35.31 | 39.84 | NOTE | |
r-release-linux-x86_64 | 0.1.0 | 3.88 | 35.61 | 39.49 | NOTE | |
r-release-macos-arm64 | 0.1.0 | 24.00 | NOTE | |||
r-release-macos-x86_64 | 0.1.0 | 36.00 | NOTE | |||
r-release-windows-x86_64 | 0.1.0 | 7.00 | 61.00 | 68.00 | NOTE | |
r-oldrel-macos-arm64 | 0.1.0 | 24.00 | NOTE | |||
r-oldrel-macos-x86_64 | 0.1.0 | 36.00 | NOTE | |||
r-oldrel-windows-x86_64 | 0.1.0 | 8.00 | 70.00 | 78.00 | NOTE |
Version: 0.1.0
Check: dependencies in R code
Result: NOTE
Namespaces in Imports field not imported from:
‘dplyr’ ‘magrittr’
All declared Imports should be used.
Flavors: r-devel-linux-x86_64-fedora-clang, r-devel-linux-x86_64-fedora-gcc
Version: 0.1.0
Check: LazyData
Result: NOTE
'LazyData' is specified without a 'data' directory
Flavors: r-patched-linux-x86_64, r-release-linux-x86_64, r-release-macos-arm64, r-release-macos-x86_64, r-release-windows-x86_64, r-oldrel-macos-arm64, r-oldrel-macos-x86_64, r-oldrel-windows-x86_64