Last updated on 2025-02-21 02:52:29 CET.
Flavor | Version | Tinstall | Tcheck | Ttotal | Status | Flags |
---|---|---|---|---|---|---|
r-devel-linux-x86_64-debian-clang | 1.7.30 | 43.87 | 31.11 | 74.98 | NOTE | |
r-devel-linux-x86_64-debian-gcc | 1.7.30 | 34.70 | 24.65 | 59.35 | NOTE | |
r-devel-linux-x86_64-fedora-clang | 1.7.30 | 145.51 | NOTE | |||
r-devel-linux-x86_64-fedora-gcc | 1.7.30 | 156.62 | NOTE | |||
r-devel-macos-arm64 | 1.7.30 | 43.00 | NOTE | |||
r-devel-macos-x86_64 | 1.7.30 | 63.00 | NOTE | |||
r-devel-windows-x86_64 | 1.7.30 | 51.00 | 80.00 | 131.00 | NOTE | |
r-patched-linux-x86_64 | 1.7.30 | 49.12 | 29.57 | 78.69 | NOTE | |
r-release-linux-x86_64 | 1.7.30 | 46.81 | 29.68 | 76.49 | NOTE | |
r-release-macos-arm64 | 1.7.30 | 46.00 | NOTE | |||
r-release-macos-x86_64 | 1.7.30 | 55.00 | NOTE | |||
r-release-windows-x86_64 | 1.7.30 | 50.00 | 84.00 | 134.00 | NOTE | |
r-oldrel-macos-arm64 | 1.7.30 | 55.00 | NOTE | |||
r-oldrel-macos-x86_64 | 1.7.30 | 93.00 | NOTE | |||
r-oldrel-windows-x86_64 | 1.7.30 | 46.00 | 110.00 | 156.00 | NOTE |
Version: 1.7.30
Check: C++ specification
Result: NOTE
Specified C++11: please drop specification unless essential
Flavors: r-devel-linux-x86_64-debian-clang, r-devel-linux-x86_64-debian-gcc, r-devel-linux-x86_64-fedora-clang, r-devel-linux-x86_64-fedora-gcc, r-devel-macos-arm64, r-devel-macos-x86_64, r-devel-windows-x86_64, r-patched-linux-x86_64, r-release-linux-x86_64, r-release-macos-arm64, r-release-macos-x86_64, r-release-windows-x86_64, r-oldrel-macos-arm64, r-oldrel-macos-x86_64, r-oldrel-windows-x86_64