Last updated on 2025-02-21 02:52:29 CET.
Flavor | Version | Tinstall | Tcheck | Ttotal | Status | Flags |
---|---|---|---|---|---|---|
r-devel-linux-x86_64-debian-clang | 0.1.1 | 17.24 | 125.35 | 142.59 | NOTE | |
r-devel-linux-x86_64-debian-gcc | 0.1.1 | 13.34 | 92.89 | 106.23 | NOTE | |
r-devel-linux-x86_64-fedora-clang | 0.1.1 | 227.10 | NOTE | |||
r-devel-linux-x86_64-fedora-gcc | 0.1.1 | 219.89 | NOTE | |||
r-devel-macos-arm64 | 0.1.1 | 97.00 | OK | |||
r-devel-macos-x86_64 | 0.1.1 | 187.00 | OK | |||
r-devel-windows-x86_64 | 0.1.1 | 14.00 | 115.00 | 129.00 | NOTE | |
r-patched-linux-x86_64 | 0.1.1 | 19.50 | 116.27 | 135.77 | OK | |
r-release-linux-x86_64 | 0.1.1 | 15.12 | 116.61 | 131.73 | OK | |
r-release-macos-arm64 | 0.1.1 | 84.00 | OK | |||
r-release-macos-x86_64 | 0.1.1 | 92.00 | OK | |||
r-release-windows-x86_64 | 0.1.1 | 16.00 | 115.00 | 131.00 | OK | |
r-oldrel-macos-arm64 | 0.1.1 | 55.00 | OK | |||
r-oldrel-macos-x86_64 | 0.1.1 | 100.00 | OK | |||
r-oldrel-windows-x86_64 | 0.1.1 | 18.00 | 125.00 | 143.00 | OK |
Version: 0.1.1
Check: Rd cross-references
Result: NOTE
Found the following Rd file(s) with Rd \link{} targets missing package
anchors:
imDisplay.Rd: cimg
imRead.Rd: load.image, imager, cimg
Please provide package anchors for all Rd \link{} targets not in the
package itself and the base packages.
Flavors: r-devel-linux-x86_64-debian-clang, r-devel-linux-x86_64-debian-gcc, r-devel-windows-x86_64
Version: 0.1.1
Check: dependencies in R code
Result: NOTE
Namespace in Imports field not imported from: ‘tcltk2’
All declared Imports should be used.
Flavors: r-devel-linux-x86_64-fedora-clang, r-devel-linux-x86_64-fedora-gcc