Last updated on 2025-02-21 02:52:29 CET.
Flavor | Version | Tinstall | Tcheck | Ttotal | Status | Flags |
---|---|---|---|---|---|---|
r-devel-linux-x86_64-debian-clang | 0.1.2 | 2.11 | 22.38 | 24.49 | NOTE | |
r-devel-linux-x86_64-debian-gcc | 0.1.2 | 1.35 | 17.37 | 18.72 | NOTE | |
r-devel-linux-x86_64-fedora-clang | 0.1.2 | 38.66 | NOTE | |||
r-devel-linux-x86_64-fedora-gcc | 0.1.2 | 36.71 | NOTE | |||
r-devel-macos-arm64 | 0.1.2 | 17.00 | NOTE | |||
r-devel-macos-x86_64 | 0.1.2 | 31.00 | NOTE | |||
r-devel-windows-x86_64 | 0.1.2 | 4.00 | 44.00 | 48.00 | NOTE | |
r-patched-linux-x86_64 | 0.1.2 | 2.03 | 21.28 | 23.31 | NOTE | |
r-release-linux-x86_64 | 0.1.2 | 1.34 | 21.03 | 22.37 | NOTE | |
r-release-macos-arm64 | 0.1.2 | 17.00 | NOTE | |||
r-release-macos-x86_64 | 0.1.2 | 23.00 | NOTE | |||
r-release-windows-x86_64 | 0.1.2 | 5.00 | 44.00 | 49.00 | NOTE | |
r-oldrel-macos-arm64 | 0.1.2 | 17.00 | OK | |||
r-oldrel-macos-x86_64 | 0.1.2 | 21.00 | OK | |||
r-oldrel-windows-x86_64 | 0.1.2 | 4.00 | 48.00 | 52.00 | OK |
Version: 0.1.2
Check: Rd files
Result: NOTE
checkRd: (-1) xml_to_df.Rd:144: Lost braces; missing escapes or markup?
144 | Default {NULL} means the workbook will not be protected with a password}
| ^
Flavors: r-devel-linux-x86_64-debian-clang, r-devel-linux-x86_64-debian-gcc, r-devel-linux-x86_64-fedora-clang, r-devel-linux-x86_64-fedora-gcc, r-devel-macos-arm64, r-devel-macos-x86_64, r-devel-windows-x86_64, r-patched-linux-x86_64, r-release-linux-x86_64, r-release-macos-arm64, r-release-macos-x86_64, r-release-windows-x86_64