CRAN Package Check Results for Package xmlwriter

Last updated on 2025-05-18 02:49:53 CEST.

Flavor Version Tinstall Tcheck Ttotal Status Flags
r-devel-linux-x86_64-debian-clang 0.1.1 23.61 28.14 51.75 NOTE
r-devel-linux-x86_64-debian-gcc 0.1.1 18.93 22.54 41.47 NOTE
r-devel-linux-x86_64-fedora-clang 0.1.1 91.36 NOTE
r-devel-linux-x86_64-fedora-gcc 0.1.1 96.14 NOTE
r-devel-windows-x86_64 0.1.1 26.00 65.00 91.00 NOTE
r-patched-linux-x86_64 0.1.1 25.82 25.26 51.08 NOTE
r-release-linux-x86_64 0.1.1 25.12 25.25 50.37 NOTE
r-release-macos-arm64 0.1.1 26.00 NOTE
r-release-macos-x86_64 0.1.1 38.00 NOTE
r-release-windows-x86_64 0.1.1 30.00 80.00 110.00 NOTE
r-oldrel-macos-arm64 0.1.1 27.00 OK
r-oldrel-macos-x86_64 0.1.1 38.00 OK
r-oldrel-windows-x86_64 0.1.1 26.00 76.00 102.00 OK

Check Details

Version: 0.1.1
Check: DESCRIPTION meta-information
Result: NOTE Missing dependency on R >= 4.1.0 because package code uses the pipe |> or function shorthand \(...) syntax added in R 4.1.0. File(s) using such syntax: ‘add_frag.R’ ‘data_frag.R’ ‘elem.Rd’ ‘list_as_xml_document.R’ ‘read_fragment.R’ ‘tag.R’ ‘write_xml.R’ ‘xml_fragment.R’ ‘xmlbuilder.R’ ‘xmlbuilder.Rd’ Flavors: r-devel-linux-x86_64-debian-clang, r-devel-linux-x86_64-debian-gcc, r-devel-linux-x86_64-fedora-clang, r-devel-linux-x86_64-fedora-gcc, r-devel-windows-x86_64, r-patched-linux-x86_64, r-release-linux-x86_64, r-release-macos-arm64, r-release-macos-x86_64, r-release-windows-x86_64