Last updated on 2025-02-21 02:52:29 CET.
Flavor | Version | Tinstall | Tcheck | Ttotal | Status | Flags |
---|---|---|---|---|---|---|
r-devel-linux-x86_64-debian-clang | 1.0.0 | 82.51 | 48.90 | 131.41 | OK | |
r-devel-linux-x86_64-debian-gcc | 1.0.0 | 70.93 | 42.04 | 112.97 | OK | |
r-devel-linux-x86_64-fedora-clang | 1.0.0 | 206.72 | OK | |||
r-devel-linux-x86_64-fedora-gcc | 1.0.0 | 264.34 | OK | |||
r-devel-macos-arm64 | 1.0.0 | 69.00 | OK | |||
r-devel-macos-x86_64 | 1.0.0 | 97.00 | OK | |||
r-devel-windows-x86_64 | 1.0.0 | 80.00 | 103.00 | 183.00 | OK | |
r-patched-linux-x86_64 | 1.0.0 | 98.10 | 53.82 | 151.92 | OK | |
r-release-linux-x86_64 | 1.0.0 | 94.35 | 53.42 | 147.77 | OK | |
r-release-macos-arm64 | 1.0.0 | 70.00 | NOTE | |||
r-release-macos-x86_64 | 1.0.0 | 128.00 | NOTE | |||
r-release-windows-x86_64 | 1.0.0 | 81.00 | 104.00 | 185.00 | OK | |
r-oldrel-macos-arm64 | 1.0.0 | 70.00 | NOTE | |||
r-oldrel-macos-x86_64 | 1.0.0 | 107.00 | NOTE | |||
r-oldrel-windows-x86_64 | 1.0.0 | 96.00 | 118.00 | 214.00 | OK |
Version: 1.0.0
Check: installed package size
Result: NOTE
installed size is 25.2Mb
sub-directories of 1Mb or more:
libs 24.7Mb
Flavors: r-release-macos-arm64, r-release-macos-x86_64, r-oldrel-macos-arm64, r-oldrel-macos-x86_64