Last updated on 2025-02-20 14:51:13 CET.
Flavor | Version | Tinstall | Tcheck | Ttotal | Status | Flags |
---|---|---|---|---|---|---|
r-devel-linux-x86_64-debian-clang | 0.2-3 | 6.06 | 55.88 | 61.94 | NOTE | |
r-devel-linux-x86_64-debian-gcc | 0.2-3 | 4.67 | 42.25 | 46.92 | NOTE | |
r-devel-linux-x86_64-fedora-clang | 0.2-3 | 96.40 | NOTE | |||
r-devel-linux-x86_64-fedora-gcc | 0.2-3 | 93.11 | NOTE | |||
r-devel-macos-arm64 | 0.2-3 | 33.00 | NOTE | |||
r-devel-macos-x86_64 | 0.2-3 | 61.00 | NOTE | |||
r-devel-windows-x86_64 | 0.2-3 | 8.00 | 68.00 | 76.00 | NOTE | |
r-patched-linux-x86_64 | 0.2-3 | 5.81 | 52.02 | 57.83 | NOTE | |
r-release-linux-x86_64 | 0.2-3 | 5.83 | 52.50 | 58.33 | NOTE | |
r-release-macos-arm64 | 0.2-3 | 32.00 | NOTE | |||
r-release-macos-x86_64 | 0.2-3 | 46.00 | NOTE | |||
r-release-windows-x86_64 | 0.2-3 | 7.00 | 67.00 | 74.00 | NOTE | |
r-oldrel-macos-arm64 | 0.2-3 | 33.00 | OK | |||
r-oldrel-macos-x86_64 | 0.2-3 | 52.00 | OK | |||
r-oldrel-windows-x86_64 | 0.2-3 | 7.00 | 81.00 | 88.00 | OK |
Version: 0.2-3
Check: Rd files
Result: NOTE
checkRd: (-1) xwfGridsearch.Rd:27: Lost braces; missing escapes or markup?
27 | \item{iter}{Number of levels in the adaptive grid search. The resolution in b obtained is 2^{-1-iter}.}
| ^
Flavors: r-devel-linux-x86_64-debian-clang, r-devel-linux-x86_64-debian-gcc, r-devel-linux-x86_64-fedora-clang, r-devel-linux-x86_64-fedora-gcc, r-devel-macos-arm64, r-devel-macos-x86_64, r-devel-windows-x86_64, r-patched-linux-x86_64, r-release-linux-x86_64, r-release-macos-arm64, r-release-macos-x86_64, r-release-windows-x86_64