Last updated on 2025-02-21 02:52:29 CET.
Flavor | Version | Tinstall | Tcheck | Ttotal | Status | Flags |
---|---|---|---|---|---|---|
r-devel-linux-x86_64-debian-clang | 2.1.2 | 10.32 | 70.74 | 81.06 | NOTE | |
r-devel-linux-x86_64-debian-gcc | 2.1.2 | 6.57 | 46.22 | 52.79 | NOTE | |
r-devel-linux-x86_64-fedora-clang | 2.1.2 | 125.17 | NOTE | |||
r-devel-linux-x86_64-fedora-gcc | 2.1.2 | 118.44 | NOTE | |||
r-devel-macos-arm64 | 2.1.2 | 35.00 | NOTE | |||
r-devel-macos-x86_64 | 2.1.2 | 67.00 | NOTE | |||
r-devel-windows-x86_64 | 2.1.2 | 11.00 | 81.00 | 92.00 | NOTE | |
r-patched-linux-x86_64 | 2.1.2 | 10.65 | 64.04 | 74.69 | NOTE | |
r-release-linux-x86_64 | 2.1.2 | 9.44 | 63.27 | 72.71 | NOTE | |
r-release-macos-arm64 | 2.1.2 | 35.00 | NOTE | |||
r-release-macos-x86_64 | 2.1.2 | 54.00 | NOTE | |||
r-release-windows-x86_64 | 2.1.2 | 12.00 | 79.00 | 91.00 | NOTE | |
r-oldrel-macos-arm64 | 2.1.2 | 35.00 | OK | |||
r-oldrel-macos-x86_64 | 2.1.2 | 58.00 | OK | |||
r-oldrel-windows-x86_64 | 2.1.2 | 13.00 | 93.00 | 106.00 | OK |
Version: 2.1.2
Check: Rd files
Result: NOTE
checkRd: (-1) cat_sim.Rd:110: Lost braces; missing escapes or markup?
110 | \code{min} and {max} are mandatory for setting limits on the test length. User-defined
| ^
Flavors: r-devel-linux-x86_64-debian-clang, r-devel-linux-x86_64-debian-gcc, r-devel-linux-x86_64-fedora-clang, r-devel-linux-x86_64-fedora-gcc, r-devel-macos-arm64, r-devel-macos-x86_64, r-devel-windows-x86_64, r-patched-linux-x86_64, r-release-linux-x86_64, r-release-macos-arm64, r-release-macos-x86_64, r-release-windows-x86_64