Last updated on 2025-02-21 02:52:29 CET.
Flavor | Version | Tinstall | Tcheck | Ttotal | Status | Flags |
---|---|---|---|---|---|---|
r-devel-linux-x86_64-debian-clang | 0.15.1 | 2.16 | 19.72 | 21.88 | NOTE | |
r-devel-linux-x86_64-debian-gcc | 0.15.1 | 1.59 | 16.11 | 17.70 | NOTE | |
r-devel-linux-x86_64-fedora-clang | 0.15.1 | 34.01 | OK | |||
r-devel-linux-x86_64-fedora-gcc | 0.15.1 | 32.38 | OK | |||
r-devel-macos-arm64 | 0.15.1 | 15.00 | OK | |||
r-devel-macos-x86_64 | 0.15.1 | 26.00 | OK | |||
r-devel-windows-x86_64 | 0.15.1 | 3.00 | 44.00 | 47.00 | OK | |
r-patched-linux-x86_64 | 0.15.1 | 2.38 | 18.20 | 20.58 | OK | |
r-release-linux-x86_64 | 0.15.1 | 2.13 | 18.16 | 20.29 | OK | |
r-release-macos-arm64 | 0.15.1 | 13.00 | OK | |||
r-release-macos-x86_64 | 0.15.1 | 21.00 | OK | |||
r-release-windows-x86_64 | 0.15.1 | 5.00 | 44.00 | 49.00 | OK | |
r-oldrel-macos-arm64 | 0.15.1 | 18.00 | OK | |||
r-oldrel-macos-x86_64 | 0.15.1 | 21.00 | OK | |||
r-oldrel-windows-x86_64 | 0.15.1 | 4.00 | 45.00 | 49.00 | OK |
Version: 0.15.1
Check: for unstated dependencies in ‘demo’
Result: NOTE
'library' or 'require' calls not declared from:
‘plyr’ ‘randomForest’
Flavors: r-devel-linux-x86_64-debian-clang, r-devel-linux-x86_64-debian-gcc