CRAN Package Check Results for Package yyjsonr

Last updated on 2025-02-21 02:52:29 CET.

Flavor Version Tinstall Tcheck Ttotal Status Flags
r-devel-linux-x86_64-debian-clang 0.1.20 22.29 32.10 54.39 NOTE
r-devel-linux-x86_64-debian-gcc 0.1.20 23.04 25.05 48.09 NOTE
r-devel-linux-x86_64-fedora-clang 0.1.20 80.79 NOTE
r-devel-linux-x86_64-fedora-gcc 0.1.20 119.52 NOTE
r-devel-macos-arm64 0.1.20 39.00 NOTE
r-devel-macos-x86_64 0.1.20 70.00 NOTE
r-devel-windows-x86_64 0.1.20 29.00 63.00 92.00 NOTE
r-patched-linux-x86_64 0.1.20 33.71 30.94 64.65 OK
r-release-linux-x86_64 0.1.20 32.01 31.05 63.06 OK
r-release-macos-arm64 0.1.20 43.00 OK
r-release-macos-x86_64 0.1.20 54.00 OK
r-release-windows-x86_64 0.1.20 29.00 61.00 90.00 OK
r-oldrel-macos-arm64 0.1.20 44.00 OK
r-oldrel-macos-x86_64 0.1.20 112.00 OK
r-oldrel-windows-x86_64 0.1.20 36.00 92.00 128.00 OK

Additional issues

rchk

Check Details

Version: 0.1.20
Check: compiled code
Result: NOTE File ‘yyjsonr/libs/yyjsonr.so’: Found non-API calls to R: ‘SETLENGTH’, ‘SET_GROWABLE_BIT’, ‘SET_TRUELENGTH’ Compiled code should not call non-API entry points in R. See ‘Writing portable packages’ in the ‘Writing R Extensions’ manual, and section ‘Moving into C API compliance’ for issues with the use of non-API entry points. Flavors: r-devel-linux-x86_64-debian-clang, r-devel-linux-x86_64-debian-gcc, r-devel-linux-x86_64-fedora-clang, r-devel-linux-x86_64-fedora-gcc, r-devel-macos-arm64, r-devel-macos-x86_64

Version: 0.1.20
Check: compiled code
Result: NOTE File 'yyjsonr/libs/x64/yyjsonr.dll': Found non-API calls to R: 'SETLENGTH', 'SET_GROWABLE_BIT', 'SET_TRUELENGTH' Compiled code should not call non-API entry points in R. See 'Writing portable packages' in the 'Writing R Extensions' manual, and section 'Moving into C API compliance' for issues with the use of non-API entry points. Flavor: r-devel-windows-x86_64