Last updated on 2024-05-21 02:54:44 CEST.
Flavor | Version | Tinstall | Tcheck | Ttotal | Status | Flags |
---|---|---|---|---|---|---|
r-devel-linux-x86_64-debian-clang | 0.1.1 | 2.15 | 25.37 | 27.52 | NOTE | |
r-devel-linux-x86_64-debian-gcc | 0.1.1 | 1.35 | 19.78 | 21.13 | NOTE | |
r-devel-linux-x86_64-fedora-clang | 0.1.1 | 36.06 | NOTE | |||
r-devel-linux-x86_64-fedora-gcc | 0.1.1 | 46.20 | NOTE | |||
r-devel-windows-x86_64 | 0.1.1 | 2.00 | 42.00 | 44.00 | NOTE | |
r-patched-linux-x86_64 | 0.1.1 | 2.12 | 24.60 | 26.72 | NOTE | |
r-release-linux-x86_64 | 0.1.1 | 1.76 | 24.49 | 26.25 | NOTE | |
r-release-macos-arm64 | 0.1.1 | 21.00 | NOTE | |||
r-release-windows-x86_64 | 0.1.1 | 3.00 | 42.00 | 45.00 | NOTE | |
r-oldrel-macos-arm64 | 0.1.1 | 24.00 | NOTE | |||
r-oldrel-macos-x86_64 | 0.1.1 | 30.00 | NOTE | |||
r-oldrel-windows-x86_64 | 0.1.1 | 3.00 | 42.00 | 45.00 | NOTE |
Version: 0.1.1
Check: LazyData
Result: NOTE
'LazyData' is specified without a 'data' directory
Flavors: r-devel-linux-x86_64-debian-clang, r-devel-linux-x86_64-debian-gcc, r-devel-linux-x86_64-fedora-clang, r-devel-linux-x86_64-fedora-gcc, r-devel-windows-x86_64, r-patched-linux-x86_64, r-release-linux-x86_64, r-release-macos-arm64, r-release-windows-x86_64, r-oldrel-macos-arm64, r-oldrel-macos-x86_64, r-oldrel-windows-x86_64