Last updated on 2025-02-21 02:52:29 CET.
Flavor | Version | Tinstall | Tcheck | Ttotal | Status | Flags |
---|---|---|---|---|---|---|
r-devel-linux-x86_64-debian-clang | 0.2.0 | 118.21 | 217.86 | 336.07 | OK | |
r-devel-linux-x86_64-debian-gcc | 0.2.0 | 91.61 | 153.87 | 245.48 | OK | |
r-devel-linux-x86_64-fedora-clang | 0.2.0 | 465.07 | OK | |||
r-devel-linux-x86_64-fedora-gcc | 0.2.0 | 450.84 | OK | |||
r-devel-macos-arm64 | 0.2.0 | 156.00 | OK | |||
r-devel-macos-x86_64 | 0.2.0 | 46.00 | ERROR | |||
r-devel-windows-x86_64 | 0.2.0 | 101.00 | 212.00 | 313.00 | OK | |
r-patched-linux-x86_64 | 0.2.0 | 113.58 | 189.76 | 303.34 | OK | |
r-release-linux-x86_64 | 0.2.0 | 118.65 | 187.82 | 306.47 | OK | |
r-release-macos-arm64 | 0.2.0 | 128.00 | NOTE | |||
r-release-macos-x86_64 | 0.2.0 | 205.00 | NOTE | |||
r-release-windows-x86_64 | 0.2.0 | 109.00 | 225.00 | 334.00 | OK | |
r-oldrel-macos-arm64 | 0.2.0 | 148.00 | NOTE | |||
r-oldrel-macos-x86_64 | 0.2.0 | 38.00 | ERROR | |||
r-oldrel-windows-x86_64 | 0.2.0 | 116.00 | 304.00 | 420.00 | OK |
Version: 0.2.0
Check: whether package can be installed
Result: ERROR
Installation failed.
Flavors: r-devel-macos-x86_64, r-oldrel-macos-x86_64
Version: 0.2.0
Check: installed package size
Result: NOTE
installed size is 9.2Mb
sub-directories of 1Mb or more:
libs 8.9Mb
Flavors: r-release-macos-arm64, r-release-macos-x86_64, r-oldrel-macos-arm64