Last updated on 2025-02-18 02:50:53 CET.
Flavor | Version | Tinstall | Tcheck | Ttotal | Status | Flags |
---|---|---|---|---|---|---|
r-devel-linux-x86_64-debian-clang | 0.2.3 | 8.73 | 81.58 | 90.31 | NOTE | |
r-devel-linux-x86_64-debian-gcc | 0.2.3 | 6.34 | 55.17 | 61.51 | NOTE | |
r-devel-linux-x86_64-fedora-clang | 0.2.3 | 136.25 | NOTE | |||
r-devel-linux-x86_64-fedora-gcc | 0.2.3 | 144.20 | NOTE | |||
r-devel-macos-arm64 | 0.2.3 | 56.00 | NOTE | |||
r-devel-macos-x86_64 | 0.2.3 | 119.00 | NOTE | |||
r-devel-windows-x86_64 | 0.2.3 | 12.00 | 118.00 | 130.00 | NOTE | |
r-patched-linux-x86_64 | 0.2.3 | 10.82 | 75.39 | 86.21 | NOTE | |
r-release-linux-x86_64 | 0.2.3 | 7.37 | 76.94 | 84.31 | NOTE | |
r-release-macos-arm64 | 0.2.3 | 60.00 | NOTE | |||
r-release-macos-x86_64 | 0.2.3 | 90.00 | NOTE | |||
r-release-windows-x86_64 | 0.2.3 | 12.00 | 118.00 | 130.00 | NOTE | |
r-oldrel-macos-arm64 | 0.2.3 | 55.00 | OK | |||
r-oldrel-macos-x86_64 | 0.2.3 | 102.00 | OK | |||
r-oldrel-windows-x86_64 | 0.2.3 | 15.00 | 136.00 | 151.00 | OK |
Version: 0.2.3
Check: Rd files
Result: NOTE
checkRd: (-1) update_ztable.Rd:75: Lost braces; missing escapes or markup?
75 | must be NULL or contain only elements of {"h","t","b","p","!","H"}.}
| ^
checkRd: (-1) ztable_sub.Rd:78: Lost braces; missing escapes or markup?
78 | must be NULL or contain only elements of {"h","t","b","p","!","H"}.
| ^
Flavors: r-devel-linux-x86_64-debian-clang, r-devel-linux-x86_64-debian-gcc, r-devel-linux-x86_64-fedora-clang, r-devel-linux-x86_64-fedora-gcc, r-devel-macos-arm64, r-devel-macos-x86_64, r-devel-windows-x86_64, r-patched-linux-x86_64, r-release-linux-x86_64, r-release-macos-arm64, r-release-macos-x86_64, r-release-windows-x86_64